 0 = -5*l + 3*i - 25. Let d(s) = 2*s**2 + 8*s + 4. Let g be d(l). What is the greatest common divisor of g and z?
14
Let k(c) = -c**3 + 12*c**2 + 9*c + 5. Let a be (11 + -12)/((-1)/11). Let x be k(a). What is the highest common factor of 25 and x?
25
Let u = -2 - -1. Let d be (3 - (u - -4)) + 35. Calculate the greatest common divisor of 14 and d.
7
Suppose -2*s - 3*j + 125 = 0, -51 = -s + j + 14. Let f be (3 + (-1 - 0))*4. What is the greatest common factor of f and s?
8
Suppose -t - m + 2*m - 4 = 0, -5*m = 2*t - 27. Let s(c) = -c**2 - 10*c - 9. Let g be s(-8). Calculate the highest common factor of g and t.
1
Suppose -3*c + 18 = k, 2*c - 20 = -k - 2*c. Let f = 67 + 53. Calculate the greatest common divisor of f and k.
12
Suppose 5*v = -6 + 36. Suppose 12 = 13*i - 12*i. Calculate the highest common divisor of i and v.
6
Let m(s) = s**3 + 12*s**2 - 11*s - 4. Let g be m(-11). Let c = g + -102. What is the greatest common divisor of 17 and c?
17
Let h = -37 - -45. Let w be (-26)/(-8) - 2/8. Suppose -1 = w*i - 25. What is the highest common divisor of i and h?
8
Suppose -2*b = 3*b. Suppose -l = -b*l. Let t = 7 - l. Calculate the highest common factor of 1 and t.
1
Let u be 206/4 + 2/(-4). Let a(o) = -o**3 + 20*o**2 - 34*o - 19. Let f be a(18). What is the greatest common factor of f and u?
17
Suppose -5*u = -0*u - 75. Calculate the highest common factor of u and 120.
15
Let x be -15*(-1 - 1/(-3)). Calculate the greatest common divisor of 80 and x.
10
Suppose 0 = -h + 3*i + 40 - 4, h + 4 = -5*i. Calculate the highest common factor of 21 and h.
21
Let x = 56 - 38. Suppose 3*q + 9 = y, y = -2*y - 9. Let v = q - -6. What is the highest common divisor of x and v?
2
Let x(a) = 225*a**3 - a**2 + a. Let g be x(1). Suppose -5*z + 0*z + g = 0. What is the highest common divisor of z and 15?
15
Suppose 0 = -4*w - 239 + 1031. Let u = 20 - 2. Calculate the highest common divisor of u and w.
18
Suppose 0*w = -2*w. Suppose w = p - 7 - 8. Calculate the highest common factor of 135 and p.
15
Let v = 26 + -12. Let x be ((-112)/(-20))/((-2)/(-35)). Calculate the greatest common divisor of x and v.
14
Suppose -4*k = 2 - 10. Suppose -k*z + 14 = 4*u, 5*z - 3*u + 6*u = 28. Calculate the greatest common factor of z and 35.
5
Let j(o) = -4*o - 4. Let h be j(-3). Suppose 2*x = 6*x - h. Let s = 4 - x. What is the greatest common factor of 18 and s?
2
Let l = -4 - -5. Suppose -4*b - l = -9. Suppose -5*v + 5*y = -45, -3*v + 27 = b*v + y. Calculate the highest common divisor of 9 and v.
3
Let h = -17 + 17. Suppose h*f - 57 = -f. What is the greatest common divisor of 19 and f?
19
Suppose -16 = -4*y - v, v - 21 = -y + 5*v. Calculate the greatest common divisor of 55 and y.
5
Let o be 4 + 36/(3 + -1). Suppose 17 = 3*u - o. Let h be 2*(1 - (1 + -26)). Calculate the highest common divisor of h and u.
13
Let s(i) = -i**2 + 7*i - 7. Suppose -3*o = 2*o + 80. Let z = -11 - o. Let n be s(z). What is the highest common divisor of n and 27?
3
Let f be ((-2)/5)/(2/(-140)). Suppose s = n - 5 - 11, -f = -4*n - 5*s. Calculate the highest common divisor of n and 30.
6
Let y be (-15)/(-5)*(-1 + -2)/(-1). What is the highest common factor of y and 81?
9
Suppose 8*i - 28 = 3*i - 3*y, 0 = 2*y - 2. Suppose 5*q = -11 + 36. What is the greatest common factor of i and q?
5
Let t = -4 - -7. Suppose 0*x - t*x + 21 = 0. What is the greatest common divisor of x and 14?
7
Let o = 3 - 1. Let p = o + -4. Let k(v) = -4*v + 1. Let m be k(p). What is the greatest common divisor of 81 and m?
9
Suppose 6*g - g - 3*c = 160, c = 2*g - 65. What is the greatest common factor of 5 and g?
5
Suppose 4*r - 68 + 0 = 0. Suppose 5 = -3*k + r. What is the highest common divisor of k and 32?
4
Suppose 5*b - 11 = 39. Let y = 14 - 4. Calculate the highest common divisor of y and b.
10
Let f = 154 + -138. What is the greatest common divisor of 12 and f?
4
Let r = -21 - -35. Let n be 4/(-14) + 4/14. Let w = n + 7. What is the highest common factor of w and r?
7
Suppose y + 3*y = -2*o + 20, 0 = -o - y + 13. Suppose -o = 2*k - 3*k. Let h = k - -12. Calculate the greatest common factor of 4 and h.
4
Let j = -19 + 40. Let o = j - 15. Suppose -2*q = -4*l + 26, 2*l = -0*q + 2*q + 14. What is the greatest common divisor of o and l?
6
Suppose 11 - 2 = 3*i. Let n(k) = 4*k**2 - 2*k - 3. Let l be n(i). Let j(d) = -d + 3. Let h be j(-6). Calculate the greatest common divisor of h and l.
9
Suppose -15*k + 135 = -12*k. What is the greatest common factor of 15 and k?
15
Suppose -6*s - 2 = -80. Calculate the highest common divisor of 221 and s.
13
Let f = -7 + 16. Suppose 22 + 5 = 3*h. Suppose 9 = 3*v - h. Calculate the greatest common factor of f and v.
3
Let c(t) = t - 9. Let w be c(11). Suppose k = w + 12. Let n = 266 + -168. Calculate the greatest common factor of n and k.
14
Let d = -1 + 4. Suppose -d*k + 0 = 12. Let n be k*3*2/(-6). Calculate the greatest common divisor of 20 and n.
4
Suppose -5*m = 4*n - 257 - 132, -n = 2*m - 155. Suppose 28 = 3*q - m. What is the greatest common factor of 7 and q?
7
Let p(i) = 7*i. Let o be p(4). Let k(r) = -r**3 + 5*r**2 + 7*r - 3. Let q be k(6). Suppose 0 = -2*z - q*z + 210. Calculate the highest common factor of o and z.
14
Let m(h) be the first derivative of h**2 + 2*h + 1. Let n be m(-7). Let q be 4/n - 266/(-6). Calculate the greatest common factor of 4 and q.
4
Let m(t) = -18*t - 6. Let c be m(-1). Calculate the highest common factor of 4 and c.
4
Suppose 20*l - 8*l = 60. What is the greatest common factor of 40 and l?
5
Suppose -38 - 7 = 3*k. Let a be 51*(k/(-9))/5. Calculate the highest common divisor of a and 85.
17
Suppose 3*t + 3*s + 2*s - 3 = 0, 2*t + s - 9 = 0. Calculate the highest common factor of 30 and t.
6
Suppose -3*r - 2 = -11. Suppose 0*g + 14 = 2*g + 2*a, 2*g = -5*a + 29. What is the greatest common divisor of g and r?
1
Suppose 3*i + 8 = i. Let y be (i/3)/((-10)/105). What is the highest common divisor of y and 56?
14
Let g be ((-24)/(-10))/(2/(-55)). Let w = -351 - -512. Let b = g + w. What is the highest common divisor of b and 38?
19
Let w(z) = 22*z**2 - z - 1. Let p be w(-1). Let g = 107 + -74. What is the highest common divisor of g and p?
11
Suppose 2*g - 192 - 127 = -5*y, 4*g - 8 = 0. Calculate the highest common factor of y and 42.
21
Suppose -178 = -5*i - c, -3*i + 100 = c + 3*c. What is the highest common divisor of i and 18?
18
Suppose 3*n - 5*y + 65 = -2*n, 4*n + y = -47. Let k be 12/(-7)*126/n. Suppose -g - 2 = r, 14 = 5*g - 4*r + 3*r. What is the greatest common factor of k and g?
2
Let w be (-25)/10*(-184)/20. Calculate the greatest common factor of 115 and w.
23
Let j(f) = -49*f + 1. Let m be j(-2). Let x be -2 + 4 - 28/(-4). What is the highest common divisor of m and x?
9
Let y = 3 + 0. Suppose 4*q = 33 + y. Let u = 48 + -39. Calculate the greatest common divisor of q and u.
9
Let o = -61 - -77. Calculate the highest common factor of 4 and o.
4
Suppose -14 = -5*z - 6*h + 4*h, -2*z - 6 = -5*h. Let x(b) = b**3 + 1 + 6*b**2 - 7*b - 7 + b**z. Let l be x(-4). Calculate the highest common factor of l and 10.
10
Suppose 2*d - 55 = -3*d. Suppose -5*z - l = 95 - 589, 2*l + 101 = z. Calculate the greatest common factor of d and z.
11
Suppose 4*b = -0*b. Suppose b = -2*z + z - 5*r + 8, -3*z - 4*r = -46. Calculate the greatest common factor of 6 and z.
6
Suppose 4*n + 88 = f - 3, 2*f - 94 = 4*n. Let y(p) = p**2 + 4*p - 1. Let t be y(4). Let l = n + t. What is the greatest common factor of l and 1?
1
Let y be 2 - (2 - (-4)/(-1)). Suppose 2*c - 3*c = -5*o + 30, -c - y*o + 6 = 0. Let x be (18/c)/((-2)/10). What is the greatest common divisor of 6 and x?
3
Let a = 35 + -19. Suppose 3*l = -4*m + a, 4*m + 8 - 28 = -4*l. Suppose -3*b + 8 = -l. Calculate the greatest common divisor of 16 and b.
4
Let r be (-191)/(-3) + 2/6. Suppose v - 15 = -5*c + 9, -4*v = -3*c + 19. Let y be ((-2)/1)/(v/4). Calculate the highest common factor of y and r.
8
Let m(t) = t**2 + 4*t - 6. Let r be m(-8). Let z = r - -11. Let n = z + -25. What is the highest common divisor of n and 96?
12
Let y(a) = 2*a**2 + a + 2. Let n be y(2). Suppose -3*t + t = j - 47, 5*j - 91 = -4*t. Calculate the greatest common factor of n and t.
12
Suppose -k - 2*g = -17, -2*k + 0*k = -3*g + 1. Let v = 9 - k. Calculate the